{"id":27,"date":"2017-02-18T03:08:02","date_gmt":"2017-02-18T02:08:02","guid":{"rendered":"http:\/\/kabyles2quebec.com\/fk2q\/?page_id=27"},"modified":"2019-09-08T18:58:03","modified_gmt":"2019-09-08T17:58:03","slug":"ecole-tafat","status":"publish","type":"page","link":"http:\/\/kabyles2quebec.com\/fk2q\/ecole-tafat\/","title":{"rendered":"Ateliers d&rsquo;immersion linguistique, Viens Jaser! Iyya a Nemeslay!"},"content":{"rendered":"<div id=\"page\" class=\"hfeed site\">\n<div id=\"content\" class=\"site-content\">\n<div class=\"container\">\n<div class=\"row\">\n<div class=\"col-xs-12 col-sm-12 col-md-8 \">\n<div id=\"primary\" class=\"content-area\">\n<article id=\"post-2\" class=\"post-2 page type-page status-publish hentry\">\n<div class=\"entry-content\">\n<p style=\"text-align: center;\"><span style=\"color: #0000ff;\"><b style=\"color: #0000ff;\">Viens Jaser! Iyya a nemeslay , Ateliers d&rsquo;immersion <\/b><span style=\"color: #0000ff;\"><b>linguistique et culturelle<\/b><\/span><b style=\"color: #0000ff;\">\u00a0\u00e0 la ville de Qu\u00e9bec<\/b><br \/>\n<\/span><\/p>\n<h3 class=\"post-title entry-title\" style=\"text-align: center;\">\u201cAselmed n Tutlayt Tamazi\u0263t\u201d<\/h3>\n<p><span style=\"color: #0000ff;\"><strong>\u00a0<\/strong><\/span><\/p>\n<p>Viens Jaser! &#8211; Iyya a nemeslay! est le nom des ateliers de langues (Tamazight et anglaise) qui rayonne dans la Ville de Qu\u00e9<span class=\"text_exposed_show\">bec ou la capitale nationale de la province du Qu\u00e9bec. Le Forum des Kabyles de la ville de Qu\u00e9bec est \u00e0 l\u2019origine de ce noble projet\u00a0qui\u00a0a besoin de moyens p\u00e9dagogiques, financiers et humains pour assurer le bon d\u00e9roulement de ses cours. <\/span><\/p>\n<p><span class=\"text_exposed_show\">D\u2019ailleurs, les membres de cette association, en plus des cours de Tamazight comptent innover, de plus, pour un meilleure apprentissage en organisant des ateliers de communication linguistique afin d&rsquo;am\u00e9liorer le parl\u00e9 au m\u00eame temps que l&rsquo;\u00e9crit selon les besoins de tout un chacun.<br \/>\nL\u2019objectif de ces\u00a0ateliers p\u00e9dagogique est d\u2019outiller les \u00e9tudiants et les parents\u00a0pour aider leurs enfants \u00e0 la maison afin d&rsquo;exercer plus et\u00a0am\u00e9liorer la ma\u00eetrise du kabyle. Donc, ceux et celles qui peuvent aider, n\u2019h\u00e9sitez pas \u00e0 contacter le Forum des Kabyles de la Ville de Qu\u00e9bec.<\/span><\/p>\n<hr \/>\n<h3 style=\"text-align: left;\"><strong>Pour s&rsquo;inscrire \u00e9crire \u00e0 Courriel: <\/strong><span id=\"cloakb13e1f910d2d8966c41dde82e8824ba4\"><a href=\"mailto:kabyles2quebec@gmail.com\"><strong>kabyles2quebec@gmail.com <\/strong><\/a><\/span><strong>ou visitez le Site :\u00a0<a href=\"http:\/\/l.facebook.com\/l.php?u=http%3A%2F%2FKabyles2quebec.com%2F&amp;h=KAQGDqzv9AQELWwLMkmK3Fau8uZkGzr_e1oxAH_6SJXLr2g&amp;enc=AZPLFjGnheWiSDgIeBuMSjkjzwfPLXcF1DI4j9WdkKQJxc2Ro2bAItsuUcQqlydllv3cfreUH5AdLk9KErOzYXwBQT4X9TdutTNjEMw64QEeEZr9ay7g8MWC-4MBn4Vthy8aTlokKJBluHD-q7SVFRnM-KXq7TCGl6ohKsECAhll--ME-ggUZ6O_ExfMzgxmpeY&amp;s=1\" target=\"_blank\" rel=\"nofollow noopener noreferrer\">Kabyles2quebec.com<\/a><\/strong><\/h3>\n<\/div>\n<p><!-- .entry-content --><\/p>\n<\/article>\n<\/div>\n<\/div>\n<\/div>\n<\/div>\n<\/div>\n<\/div>\n","protected":false},"excerpt":{"rendered":"Viens Jaser! Iyya a nemeslay , Ateliers d&rsquo;immersion linguistique et culturelle\u00a0\u00e0 la ville de Qu\u00e9bec \u201cAselmed n Tutlayt Tamazi\u0263t\u201d \u00a0 Viens Jaser! &#8211; \n<a class=\"moretag\" href=\"http:\/\/kabyles2quebec.com\/fk2q\/ecole-tafat\/\"> [...]<\/a>","protected":false},"author":9,"featured_media":0,"parent":0,"menu_order":0,"comment_status":"closed","ping_status":"closed","template":"","meta":[],"_links":{"self":[{"href":"http:\/\/kabyles2quebec.com\/fk2q\/wp-json\/wp\/v2\/pages\/27"}],"collection":[{"href":"http:\/\/kabyles2quebec.com\/fk2q\/wp-json\/wp\/v2\/pages"}],"about":[{"href":"http:\/\/kabyles2quebec.com\/fk2q\/wp-json\/wp\/v2\/types\/page"}],"author":[{"embeddable":true,"href":"http:\/\/kabyles2quebec.com\/fk2q\/wp-json\/wp\/v2\/users\/9"}],"replies":[{"embeddable":true,"href":"http:\/\/kabyles2quebec.com\/fk2q\/wp-json\/wp\/v2\/comments?post=27"}],"version-history":[{"count":23,"href":"http:\/\/kabyles2quebec.com\/fk2q\/wp-json\/wp\/v2\/pages\/27\/revisions"}],"predecessor-version":[{"id":1624,"href":"http:\/\/kabyles2quebec.com\/fk2q\/wp-json\/wp\/v2\/pages\/27\/revisions\/1624"}],"wp:attachment":[{"href":"http:\/\/kabyles2quebec.com\/fk2q\/wp-json\/wp\/v2\/media?parent=27"}],"curies":[{"name":"wp","href":"https:\/\/api.w.org\/{rel}","templated":true}]}}